{"id":5331,"date":"2023-08-19T11:53:01","date_gmt":"2023-08-19T11:53:01","guid":{"rendered":"https:\/\/budapestkerekpar.hu\/?post_type=product&#038;p=5331"},"modified":"2023-09-16T21:04:49","modified_gmt":"2023-09-16T21:04:49","slug":"cube-stereo-160-hpa-tm-fox-factory-series-futomuvel","status":"publish","type":"product","link":"https:\/\/budapestkerekpar.hu\/?product=cube-stereo-160-hpa-tm-fox-factory-series-futomuvel","title":{"rendered":"CUBE Stereo 160 HPA TM Fox Factory Series fut\u00f3m\u0171vel"},"content":{"rendered":"<p>Vad\u00e1llat hihetetlen menettulajdons\u00e1gokkal, j\u00e1t\u00e9kos geometri\u00e1val, High end FOX Factory Series agyon\u00e1ll\u00edthat\u00f3 verseny fut\u00f3m\u0171vel, sz\u00e9tverhetetlen 27,5\u201d- os kerekekkel \u00e9s er\u0151s f\u00e9kekkel.\u2028 \u2028F\u0151k\u00e9nt vad kalandokra v\u00e1gy\u00f3, enduro, downhill, mx v\u00e9n\u00e1s montisoknak aj\u00e1nlan\u00e1m.<\/p>\n<p>Sz\u00e1ml\u00e1val, garanci\u00e1val.\u2028\u2028Sz\u00e1ll\u00edt\u00e1s megoldhat\u00f3.<\/p>\n<p>&nbsp;<\/p>\n<p>V\u00e1zm\u00e9ret: 18\u201d M (gy\u00e1rt\u00f3i aj\u00e1nl\u00e1s szerint 180cm-ig)<br \/>\nTeleszk\u00f3p: Fox Factory Series 36 FLOAT 27.5 160 FIT Kashima Coat BOOST<\/p>\n<p>Rug\u00f3stag: Fox Factory Series Float X 160 mm Kashima Coat<br \/>\nF\u00e9k: Shimano XT hidraulikus t\u00e1rcsaf\u00e9k<br \/>\nF\u00e9kkar: Shimano XT<br \/>\nV\u00e1lt\u00f3: Shimano XT<br \/>\nV\u00e1lt\u00f3kar: Shimano XT<br \/>\nHajt\u00e1s: Shimano 10 sor<br \/>\nKer\u00e9km\u00e9ret: 27,5\u201d<br \/>\nFelni: Duplafal\u00fa szegecselt<br \/>\nGumi: Schwalbe Magic Mary<br \/>\nKorm\u00e1ny: Raceface Atlas<br \/>\nKorm\u00e1nysz\u00e1r \/ Stucni: Raceface<br \/>\nNyeregcs\u0151: Rock Shox Reverb dropperes<br \/>\nNyereg: Chromag Lynx<\/p>\n","protected":false},"excerpt":{"rendered":"<p>Vad\u00e1llat hihetetlen menettulajdons\u00e1gokkal, j\u00e1t\u00e9kos geometri\u00e1val, High end FOX Factory Series  [&#8230;]<\/p>\n","protected":false},"featured_media":5155,"comment_status":"open","ping_status":"closed","template":"","meta":{"_bbp_topic_count":0,"_bbp_reply_count":0,"_bbp_total_topic_count":0,"_bbp_total_reply_count":0,"_bbp_voice_count":0,"_bbp_anonymous_reply_count":0,"_bbp_topic_count_hidden":0,"_bbp_reply_count_hidden":0,"_bbp_forum_subforum_count":0,"content-type":""},"product_brand":[],"product_cat":[157,86,116,135],"product_tag":[],"class_list":{"0":"post-5331","1":"product","2":"type-product","3":"status-publish","4":"has-post-thumbnail","6":"product_cat-27-5","7":"product_cat-ferfi","8":"product_cat-m","9":"product_cat-mtb","11":"first","12":"outofstock","13":"shipping-taxable","14":"purchasable","15":"product-type-simple"},"acf":[],"yoast_head":"<!-- This site is optimized with the Yoast SEO plugin v27.4 - https:\/\/yoast.com\/product\/yoast-seo-wordpress\/ -->\n<title>CUBE Stereo 160 HPA TM Fox Factory Series fut\u00f3m\u0171vel - Budapest Ker\u00e9kp\u00e1r<\/title>\n<meta name=\"description\" content=\"Vad\u00e1llat hihetetlen menettulajdons\u00e1gokkal, j\u00e1t\u00e9kos geometri\u00e1val, High end FOX Factory Series agyon\u00e1ll\u00edthat\u00f3 verseny fut\u00f3m\u0171vel, sz\u00e9tverhetetlen 27,5\u201d- os kerekekkel \u00e9s er\u0151s f\u00e9kekkel.\u2028 \u2028F\u0151k\u00e9nt vad kalandokra v\u00e1gy\u00f3, enduro, downhill, mx v\u00e9n\u00e1s montisoknak aj\u00e1nlan\u00e1m.\" \/>\n<meta name=\"robots\" content=\"index, follow, max-snippet:-1, max-image-preview:large, max-video-preview:-1\" \/>\n<link rel=\"canonical\" href=\"https:\/\/budapestkerekpar.hu\/?product=cube-stereo-160-hpa-tm-fox-factory-series-futomuvel\" \/>\n<meta property=\"og:locale\" content=\"hu_HU\" \/>\n<meta property=\"og:type\" content=\"article\" \/>\n<meta property=\"og:title\" content=\"CUBE Stereo 160 HPA TM Fox Factory Series fut\u00f3m\u0171vel - Budapest Ker\u00e9kp\u00e1r\" \/>\n<meta property=\"og:description\" content=\"Vad\u00e1llat hihetetlen menettulajdons\u00e1gokkal, j\u00e1t\u00e9kos geometri\u00e1val, High end FOX Factory Series agyon\u00e1ll\u00edthat\u00f3 verseny fut\u00f3m\u0171vel, sz\u00e9tverhetetlen 27,5\u201d- os kerekekkel \u00e9s er\u0151s f\u00e9kekkel.\u2028 \u2028F\u0151k\u00e9nt vad kalandokra v\u00e1gy\u00f3, enduro, downhill, mx v\u00e9n\u00e1s montisoknak aj\u00e1nlan\u00e1m.\" \/>\n<meta property=\"og:url\" content=\"https:\/\/budapestkerekpar.hu\/?product=cube-stereo-160-hpa-tm-fox-factory-series-futomuvel\" \/>\n<meta property=\"og:site_name\" content=\"Budapest Ker\u00e9kp\u00e1r\" \/>\n<meta property=\"article:modified_time\" content=\"2023-09-16T21:04:49+00:00\" \/>\n<meta property=\"og:image\" content=\"http:\/\/budapestkerekpar.hu\/wp-content\/uploads\/2023\/08\/budapestkerekpar_cubestereo160_01.jpg\" \/>\n\t<meta property=\"og:image:width\" content=\"1920\" \/>\n\t<meta property=\"og:image:height\" content=\"1440\" \/>\n\t<meta property=\"og:image:type\" content=\"image\/jpeg\" \/>\n<meta name=\"twitter:card\" content=\"summary_large_image\" \/>\n<meta name=\"twitter:label1\" content=\"Becs\u00fclt olvas\u00e1si id\u0151\" \/>\n\t<meta name=\"twitter:data1\" content=\"1 perc\" \/>\n<script type=\"application\/ld+json\" class=\"yoast-schema-graph\">{\"@context\":\"https:\\\/\\\/schema.org\",\"@graph\":[{\"@type\":\"WebPage\",\"@id\":\"https:\\\/\\\/budapestkerekpar.hu\\\/?product=cube-stereo-160-hpa-tm-fox-factory-series-futomuvel\",\"url\":\"https:\\\/\\\/budapestkerekpar.hu\\\/?product=cube-stereo-160-hpa-tm-fox-factory-series-futomuvel\",\"name\":\"CUBE Stereo 160 HPA TM Fox Factory Series fut\u00f3m\u0171vel - Budapest Ker\u00e9kp\u00e1r\",\"isPartOf\":{\"@id\":\"https:\\\/\\\/budapestkerekpar.hu\\\/#website\"},\"primaryImageOfPage\":{\"@id\":\"https:\\\/\\\/budapestkerekpar.hu\\\/?product=cube-stereo-160-hpa-tm-fox-factory-series-futomuvel#primaryimage\"},\"image\":{\"@id\":\"https:\\\/\\\/budapestkerekpar.hu\\\/?product=cube-stereo-160-hpa-tm-fox-factory-series-futomuvel#primaryimage\"},\"thumbnailUrl\":\"https:\\\/\\\/budapestkerekpar.hu\\\/wp-content\\\/uploads\\\/2023\\\/08\\\/budapestkerekpar_cubestereo160_01.jpg\",\"datePublished\":\"2023-08-19T11:53:01+00:00\",\"dateModified\":\"2023-09-16T21:04:49+00:00\",\"description\":\"Vad\u00e1llat hihetetlen menettulajdons\u00e1gokkal, j\u00e1t\u00e9kos geometri\u00e1val, High end FOX Factory Series agyon\u00e1ll\u00edthat\u00f3 verseny fut\u00f3m\u0171vel, sz\u00e9tverhetetlen 27,5\u201d- os kerekekkel \u00e9s er\u0151s f\u00e9kekkel.\\u2028 \\u2028F\u0151k\u00e9nt vad kalandokra v\u00e1gy\u00f3, enduro, downhill, mx v\u00e9n\u00e1s montisoknak aj\u00e1nlan\u00e1m.\",\"breadcrumb\":{\"@id\":\"https:\\\/\\\/budapestkerekpar.hu\\\/?product=cube-stereo-160-hpa-tm-fox-factory-series-futomuvel#breadcrumb\"},\"inLanguage\":\"hu\",\"potentialAction\":[{\"@type\":\"ReadAction\",\"target\":[\"https:\\\/\\\/budapestkerekpar.hu\\\/?product=cube-stereo-160-hpa-tm-fox-factory-series-futomuvel\"]}]},{\"@type\":\"ImageObject\",\"inLanguage\":\"hu\",\"@id\":\"https:\\\/\\\/budapestkerekpar.hu\\\/?product=cube-stereo-160-hpa-tm-fox-factory-series-futomuvel#primaryimage\",\"url\":\"https:\\\/\\\/budapestkerekpar.hu\\\/wp-content\\\/uploads\\\/2023\\\/08\\\/budapestkerekpar_cubestereo160_01.jpg\",\"contentUrl\":\"https:\\\/\\\/budapestkerekpar.hu\\\/wp-content\\\/uploads\\\/2023\\\/08\\\/budapestkerekpar_cubestereo160_01.jpg\",\"width\":1920,\"height\":1440},{\"@type\":\"BreadcrumbList\",\"@id\":\"https:\\\/\\\/budapestkerekpar.hu\\\/?product=cube-stereo-160-hpa-tm-fox-factory-series-futomuvel#breadcrumb\",\"itemListElement\":[{\"@type\":\"ListItem\",\"position\":1,\"name\":\"Kezd\u0151lap\",\"item\":\"https:\\\/\\\/budapestkerekpar.hu\\\/\"},{\"@type\":\"ListItem\",\"position\":2,\"name\":\"Shop Classic &#8211; Sidebar\",\"item\":\"https:\\\/\\\/budapestkerekpar.hu\\\/?page_id=2110\"},{\"@type\":\"ListItem\",\"position\":3,\"name\":\"CUBE Stereo 160 HPA TM Fox Factory Series fut\u00f3m\u0171vel\"}]},{\"@type\":\"WebSite\",\"@id\":\"https:\\\/\\\/budapestkerekpar.hu\\\/#website\",\"url\":\"https:\\\/\\\/budapestkerekpar.hu\\\/\",\"name\":\"Budapest Ker\u00e9kp\u00e1r\",\"description\":\"Legyen neked is men\u0151 bring\u00e1d!\",\"potentialAction\":[{\"@type\":\"SearchAction\",\"target\":{\"@type\":\"EntryPoint\",\"urlTemplate\":\"https:\\\/\\\/budapestkerekpar.hu\\\/?s={search_term_string}\"},\"query-input\":{\"@type\":\"PropertyValueSpecification\",\"valueRequired\":true,\"valueName\":\"search_term_string\"}}],\"inLanguage\":\"hu\"}]}<\/script>\n<!-- \/ Yoast SEO plugin. -->","yoast_head_json":{"title":"CUBE Stereo 160 HPA TM Fox Factory Series fut\u00f3m\u0171vel - Budapest Ker\u00e9kp\u00e1r","description":"Vad\u00e1llat hihetetlen menettulajdons\u00e1gokkal, j\u00e1t\u00e9kos geometri\u00e1val, High end FOX Factory Series agyon\u00e1ll\u00edthat\u00f3 verseny fut\u00f3m\u0171vel, sz\u00e9tverhetetlen 27,5\u201d- os kerekekkel \u00e9s er\u0151s f\u00e9kekkel.\u2028 \u2028F\u0151k\u00e9nt vad kalandokra v\u00e1gy\u00f3, enduro, downhill, mx v\u00e9n\u00e1s montisoknak aj\u00e1nlan\u00e1m.","robots":{"index":"index","follow":"follow","max-snippet":"max-snippet:-1","max-image-preview":"max-image-preview:large","max-video-preview":"max-video-preview:-1"},"canonical":"https:\/\/budapestkerekpar.hu\/?product=cube-stereo-160-hpa-tm-fox-factory-series-futomuvel","og_locale":"hu_HU","og_type":"article","og_title":"CUBE Stereo 160 HPA TM Fox Factory Series fut\u00f3m\u0171vel - Budapest Ker\u00e9kp\u00e1r","og_description":"Vad\u00e1llat hihetetlen menettulajdons\u00e1gokkal, j\u00e1t\u00e9kos geometri\u00e1val, High end FOX Factory Series agyon\u00e1ll\u00edthat\u00f3 verseny fut\u00f3m\u0171vel, sz\u00e9tverhetetlen 27,5\u201d- os kerekekkel \u00e9s er\u0151s f\u00e9kekkel.\u2028 \u2028F\u0151k\u00e9nt vad kalandokra v\u00e1gy\u00f3, enduro, downhill, mx v\u00e9n\u00e1s montisoknak aj\u00e1nlan\u00e1m.","og_url":"https:\/\/budapestkerekpar.hu\/?product=cube-stereo-160-hpa-tm-fox-factory-series-futomuvel","og_site_name":"Budapest Ker\u00e9kp\u00e1r","article_modified_time":"2023-09-16T21:04:49+00:00","og_image":[{"width":1920,"height":1440,"url":"http:\/\/budapestkerekpar.hu\/wp-content\/uploads\/2023\/08\/budapestkerekpar_cubestereo160_01.jpg","type":"image\/jpeg"}],"twitter_card":"summary_large_image","twitter_misc":{"Becs\u00fclt olvas\u00e1si id\u0151":"1 perc"},"schema":{"@context":"https:\/\/schema.org","@graph":[{"@type":"WebPage","@id":"https:\/\/budapestkerekpar.hu\/?product=cube-stereo-160-hpa-tm-fox-factory-series-futomuvel","url":"https:\/\/budapestkerekpar.hu\/?product=cube-stereo-160-hpa-tm-fox-factory-series-futomuvel","name":"CUBE Stereo 160 HPA TM Fox Factory Series fut\u00f3m\u0171vel - Budapest Ker\u00e9kp\u00e1r","isPartOf":{"@id":"https:\/\/budapestkerekpar.hu\/#website"},"primaryImageOfPage":{"@id":"https:\/\/budapestkerekpar.hu\/?product=cube-stereo-160-hpa-tm-fox-factory-series-futomuvel#primaryimage"},"image":{"@id":"https:\/\/budapestkerekpar.hu\/?product=cube-stereo-160-hpa-tm-fox-factory-series-futomuvel#primaryimage"},"thumbnailUrl":"https:\/\/budapestkerekpar.hu\/wp-content\/uploads\/2023\/08\/budapestkerekpar_cubestereo160_01.jpg","datePublished":"2023-08-19T11:53:01+00:00","dateModified":"2023-09-16T21:04:49+00:00","description":"Vad\u00e1llat hihetetlen menettulajdons\u00e1gokkal, j\u00e1t\u00e9kos geometri\u00e1val, High end FOX Factory Series agyon\u00e1ll\u00edthat\u00f3 verseny fut\u00f3m\u0171vel, sz\u00e9tverhetetlen 27,5\u201d- os kerekekkel \u00e9s er\u0151s f\u00e9kekkel.\u2028 \u2028F\u0151k\u00e9nt vad kalandokra v\u00e1gy\u00f3, enduro, downhill, mx v\u00e9n\u00e1s montisoknak aj\u00e1nlan\u00e1m.","breadcrumb":{"@id":"https:\/\/budapestkerekpar.hu\/?product=cube-stereo-160-hpa-tm-fox-factory-series-futomuvel#breadcrumb"},"inLanguage":"hu","potentialAction":[{"@type":"ReadAction","target":["https:\/\/budapestkerekpar.hu\/?product=cube-stereo-160-hpa-tm-fox-factory-series-futomuvel"]}]},{"@type":"ImageObject","inLanguage":"hu","@id":"https:\/\/budapestkerekpar.hu\/?product=cube-stereo-160-hpa-tm-fox-factory-series-futomuvel#primaryimage","url":"https:\/\/budapestkerekpar.hu\/wp-content\/uploads\/2023\/08\/budapestkerekpar_cubestereo160_01.jpg","contentUrl":"https:\/\/budapestkerekpar.hu\/wp-content\/uploads\/2023\/08\/budapestkerekpar_cubestereo160_01.jpg","width":1920,"height":1440},{"@type":"BreadcrumbList","@id":"https:\/\/budapestkerekpar.hu\/?product=cube-stereo-160-hpa-tm-fox-factory-series-futomuvel#breadcrumb","itemListElement":[{"@type":"ListItem","position":1,"name":"Kezd\u0151lap","item":"https:\/\/budapestkerekpar.hu\/"},{"@type":"ListItem","position":2,"name":"Shop Classic &#8211; Sidebar","item":"https:\/\/budapestkerekpar.hu\/?page_id=2110"},{"@type":"ListItem","position":3,"name":"CUBE Stereo 160 HPA TM Fox Factory Series fut\u00f3m\u0171vel"}]},{"@type":"WebSite","@id":"https:\/\/budapestkerekpar.hu\/#website","url":"https:\/\/budapestkerekpar.hu\/","name":"Budapest Ker\u00e9kp\u00e1r","description":"Legyen neked is men\u0151 bring\u00e1d!","potentialAction":[{"@type":"SearchAction","target":{"@type":"EntryPoint","urlTemplate":"https:\/\/budapestkerekpar.hu\/?s={search_term_string}"},"query-input":{"@type":"PropertyValueSpecification","valueRequired":true,"valueName":"search_term_string"}}],"inLanguage":"hu"}]}},"_links":{"self":[{"href":"https:\/\/budapestkerekpar.hu\/index.php?rest_route=\/wp\/v2\/product\/5331","targetHints":{"allow":["GET"]}}],"collection":[{"href":"https:\/\/budapestkerekpar.hu\/index.php?rest_route=\/wp\/v2\/product"}],"about":[{"href":"https:\/\/budapestkerekpar.hu\/index.php?rest_route=\/wp\/v2\/types\/product"}],"replies":[{"embeddable":true,"href":"https:\/\/budapestkerekpar.hu\/index.php?rest_route=%2Fwp%2Fv2%2Fcomments&post=5331"}],"wp:featuredmedia":[{"embeddable":true,"href":"https:\/\/budapestkerekpar.hu\/index.php?rest_route=\/wp\/v2\/media\/5155"}],"wp:attachment":[{"href":"https:\/\/budapestkerekpar.hu\/index.php?rest_route=%2Fwp%2Fv2%2Fmedia&parent=5331"}],"wp:term":[{"taxonomy":"product_brand","embeddable":true,"href":"https:\/\/budapestkerekpar.hu\/index.php?rest_route=%2Fwp%2Fv2%2Fproduct_brand&post=5331"},{"taxonomy":"product_cat","embeddable":true,"href":"https:\/\/budapestkerekpar.hu\/index.php?rest_route=%2Fwp%2Fv2%2Fproduct_cat&post=5331"},{"taxonomy":"product_tag","embeddable":true,"href":"https:\/\/budapestkerekpar.hu\/index.php?rest_route=%2Fwp%2Fv2%2Fproduct_tag&post=5331"}],"curies":[{"name":"wp","href":"https:\/\/api.w.org\/{rel}","templated":true}]}}