{"id":6679,"date":"2026-02-09T21:38:53","date_gmt":"2026-02-09T21:38:53","guid":{"rendered":"https:\/\/budapestkerekpar.hu\/?post_type=product&#038;p=6679"},"modified":"2026-02-09T21:38:53","modified_gmt":"2026-02-09T21:38:53","slug":"victoria-e-retro-5-8-bosch-ebike-pedelec","status":"publish","type":"product","link":"https:\/\/budapestkerekpar.hu\/?product=victoria-e-retro-5-8-bosch-ebike-pedelec","title":{"rendered":"Victoria E- Retro 5.8 Bosch Ebike\/Pedelec"},"content":{"rendered":"<p>Mind\u00f6sszesen 650km-t futott, 7 alkalommal t\u00f6lt\u00f6tt st\u00edlusos, \u00e9s az \u00f6sszes k\u00e9nyelmi extr\u00e1val felszerelt megb\u00edzhat\u00f3 Bosch motoros n\u0151i e-bike. Kritikus szemmel n\u00e9zve is \u00faj, k\u00f6lts\u00e9gmentes \u00e1llapotban.<\/p>\n<p>V\u00e1zm\u00e9ret: 46 cm<br \/>\nF\u00e9k: Magura hidraulikus V f\u00e9k<br \/>\nF\u00e9kkar: Magura<br \/>\nV\u00e1lt\u00f3: Shimano Nexus 7<br \/>\nV\u00e1lt\u00f3kar: Shimano Nexus 7<br \/>\nHajt\u00e1s: Shimano Nexus 7<br \/>\nKer\u00e9kagy: Shimano<br \/>\nKer\u00e9km\u00e9ret: 28\u201d<br \/>\nFelni: Victoria 670 duplafal\u00fa szegecselt<br \/>\nGumi: Schwalbe Delta Cruiser Plus f\u00e9nyvisszaver\u0151cs\u00edkos<br \/>\nKorm\u00e1nysz\u00e1r \/ Stucni: Ergotech \u00e1ll\u00edthat\u00f3 d\u0151l\u00e9ssz\u00f6g\u0171<br \/>\nVil\u00e1g\u00edt\u00e1s: AXA ledes vil\u00e1g\u00edt\u00e1s<br \/>\nEgy\u00e9b: Csomagtart\u00f3, s\u00e1rv\u00e9d\u0151, patk\u00f3z\u00e1r<br \/>\nMotor: Bosch Active Line<br \/>\nAKkumul\u00e1tor: Bosch Powerpack 500 Wh<\/p>\n<p>\ud83d\udd25 Friss szerviz, legfrissebb Bosch szoftverrel, \u00e9s hivatalos Bosch szerviz diagnosztik\u00e1val \u2013 k\u00f6lts\u00e9gmentes \u00e1llapot!<br \/>\n\ud83d\udd25 Sz\u00e1ml\u00e1val \u00e9s garanci\u00e1val, Bosch m\u00e1rkaszerv\u00edzb\u0151l!<\/p>\n<p>\ud83d\ude9a Orsz\u00e1gos sz\u00e1ll\u00edt\u00e1s szem\u00e9lyes \u00e1tad\u00e1ssal, a bringa szem\u00e9lyre szabott be\u00e1ll\u00edt\u00e1s\u00e1val megoldhat\u00f3!<\/p>\n<p>\ud83c\udfd9 El\u00e9rhet\u0151 v\u00e1rosok: Budapest, Debrecen, Eger, Szeged, Baja, P\u00e9cs, Sz\u00e9kesfeh\u00e9rv\u00e1r, Gy\u0151r \u00e9s m\u00e9g sok m\u00e1s helysz\u00edn!<\/p>\n<p>\ud83d\udce9 Ne fil\u00f3zz, ne v\u00e1rj \u2013 vidd el, miel\u0151tt m\u00e1s lecsap r\u00e1! \ud83d\ude80<\/p>\n<p>\ud83d\udd25 \u00c1r: 399. 000 Ft<\/p>\n<p>\ud83d\udce9 budapestkerekparinfo@gmail.com<\/p>\n<p>\ud83d\udcf1 +36702070883<\/p>\n","protected":false},"excerpt":{"rendered":"<p>Mind\u00f6sszesen 650km-t futott, 7 alkalommal t\u00f6lt\u00f6tt st\u00edlusos, \u00e9s az \u00f6sszes  [&#8230;]<\/p>\n","protected":false},"featured_media":6658,"comment_status":"open","ping_status":"closed","template":"","meta":{"_bbp_topic_count":0,"_bbp_reply_count":0,"_bbp_total_topic_count":0,"_bbp_total_reply_count":0,"_bbp_voice_count":0,"_bbp_anonymous_reply_count":0,"_bbp_topic_count_hidden":0,"_bbp_reply_count_hidden":0,"_bbp_forum_subforum_count":0,"content-type":""},"product_brand":[],"product_cat":[143,146,134,87],"product_tag":[],"class_list":{"0":"post-6679","1":"product","2":"type-product","3":"status-publish","4":"has-post-thumbnail","6":"product_cat-143","7":"product_cat-46-cm","8":"product_cat-e-bike","9":"product_cat-noi","11":"first","12":"instock","13":"shipping-taxable","14":"purchasable","15":"product-type-simple"},"acf":[],"yoast_head":"<!-- This site is optimized with the Yoast SEO plugin v27.4 - https:\/\/yoast.com\/product\/yoast-seo-wordpress\/ -->\n<title>Victoria E- Retro 5.8 Bosch Ebike\/Pedelec - Budapest Ker\u00e9kp\u00e1r<\/title>\n<meta name=\"description\" content=\"\u00a0\u2028\u2028Mind\u00f6sszesen 650km-t futott, 7 alkalommal t\u00f6lt\u00f6tt st\u00edlusos, \u00e9s az \u00f6sszes k\u00e9nyelmi extr\u00e1val felszerelt megb\u00edzhat\u00f3 Bosch motoros n\u0151i e-bike. Kritikus szemmel n\u00e9zve is \u00faj, k\u00f6lts\u00e9gmentes \u00e1llapotban.\" \/>\n<meta name=\"robots\" content=\"index, follow, max-snippet:-1, max-image-preview:large, max-video-preview:-1\" \/>\n<link rel=\"canonical\" href=\"https:\/\/budapestkerekpar.hu\/?product=victoria-e-retro-5-8-bosch-ebike-pedelec\" \/>\n<meta property=\"og:locale\" content=\"hu_HU\" \/>\n<meta property=\"og:type\" content=\"article\" \/>\n<meta property=\"og:title\" content=\"Victoria E- Retro 5.8 Bosch Ebike\/Pedelec - Budapest Ker\u00e9kp\u00e1r\" \/>\n<meta property=\"og:description\" content=\"\u00a0\u2028\u2028Mind\u00f6sszesen 650km-t futott, 7 alkalommal t\u00f6lt\u00f6tt st\u00edlusos, \u00e9s az \u00f6sszes k\u00e9nyelmi extr\u00e1val felszerelt megb\u00edzhat\u00f3 Bosch motoros n\u0151i e-bike. Kritikus szemmel n\u00e9zve is \u00faj, k\u00f6lts\u00e9gmentes \u00e1llapotban.\" \/>\n<meta property=\"og:url\" content=\"https:\/\/budapestkerekpar.hu\/?product=victoria-e-retro-5-8-bosch-ebike-pedelec\" \/>\n<meta property=\"og:site_name\" content=\"Budapest Ker\u00e9kp\u00e1r\" \/>\n<meta property=\"og:image\" content=\"http:\/\/budapestkerekpar.hu\/wp-content\/uploads\/2026\/02\/budapestkerekpar_victoriaeretro5.8_001.jpg\" \/>\n\t<meta property=\"og:image:width\" content=\"1920\" \/>\n\t<meta property=\"og:image:height\" content=\"1440\" \/>\n\t<meta property=\"og:image:type\" content=\"image\/jpeg\" \/>\n<meta name=\"twitter:card\" content=\"summary_large_image\" \/>\n<meta name=\"twitter:label1\" content=\"Becs\u00fclt olvas\u00e1si id\u0151\" \/>\n\t<meta name=\"twitter:data1\" content=\"1 perc\" \/>\n<script type=\"application\/ld+json\" class=\"yoast-schema-graph\">{\"@context\":\"https:\\\/\\\/schema.org\",\"@graph\":[{\"@type\":\"WebPage\",\"@id\":\"https:\\\/\\\/budapestkerekpar.hu\\\/?product=victoria-e-retro-5-8-bosch-ebike-pedelec\",\"url\":\"https:\\\/\\\/budapestkerekpar.hu\\\/?product=victoria-e-retro-5-8-bosch-ebike-pedelec\",\"name\":\"Victoria E- Retro 5.8 Bosch Ebike\\\/Pedelec - Budapest Ker\u00e9kp\u00e1r\",\"isPartOf\":{\"@id\":\"https:\\\/\\\/budapestkerekpar.hu\\\/#website\"},\"primaryImageOfPage\":{\"@id\":\"https:\\\/\\\/budapestkerekpar.hu\\\/?product=victoria-e-retro-5-8-bosch-ebike-pedelec#primaryimage\"},\"image\":{\"@id\":\"https:\\\/\\\/budapestkerekpar.hu\\\/?product=victoria-e-retro-5-8-bosch-ebike-pedelec#primaryimage\"},\"thumbnailUrl\":\"https:\\\/\\\/budapestkerekpar.hu\\\/wp-content\\\/uploads\\\/2026\\\/02\\\/budapestkerekpar_victoriaeretro5.8_001.jpg\",\"datePublished\":\"2026-02-09T21:38:53+00:00\",\"description\":\"\u00a0\\u2028\\u2028Mind\u00f6sszesen 650km-t futott, 7 alkalommal t\u00f6lt\u00f6tt st\u00edlusos, \u00e9s az \u00f6sszes k\u00e9nyelmi extr\u00e1val felszerelt megb\u00edzhat\u00f3 Bosch motoros n\u0151i e-bike. Kritikus szemmel n\u00e9zve is \u00faj, k\u00f6lts\u00e9gmentes \u00e1llapotban.\",\"breadcrumb\":{\"@id\":\"https:\\\/\\\/budapestkerekpar.hu\\\/?product=victoria-e-retro-5-8-bosch-ebike-pedelec#breadcrumb\"},\"inLanguage\":\"hu\",\"potentialAction\":[{\"@type\":\"ReadAction\",\"target\":[\"https:\\\/\\\/budapestkerekpar.hu\\\/?product=victoria-e-retro-5-8-bosch-ebike-pedelec\"]}]},{\"@type\":\"ImageObject\",\"inLanguage\":\"hu\",\"@id\":\"https:\\\/\\\/budapestkerekpar.hu\\\/?product=victoria-e-retro-5-8-bosch-ebike-pedelec#primaryimage\",\"url\":\"https:\\\/\\\/budapestkerekpar.hu\\\/wp-content\\\/uploads\\\/2026\\\/02\\\/budapestkerekpar_victoriaeretro5.8_001.jpg\",\"contentUrl\":\"https:\\\/\\\/budapestkerekpar.hu\\\/wp-content\\\/uploads\\\/2026\\\/02\\\/budapestkerekpar_victoriaeretro5.8_001.jpg\",\"width\":1920,\"height\":1440},{\"@type\":\"BreadcrumbList\",\"@id\":\"https:\\\/\\\/budapestkerekpar.hu\\\/?product=victoria-e-retro-5-8-bosch-ebike-pedelec#breadcrumb\",\"itemListElement\":[{\"@type\":\"ListItem\",\"position\":1,\"name\":\"Kezd\u0151lap\",\"item\":\"https:\\\/\\\/budapestkerekpar.hu\\\/\"},{\"@type\":\"ListItem\",\"position\":2,\"name\":\"Shop Classic &#8211; Sidebar\",\"item\":\"https:\\\/\\\/budapestkerekpar.hu\\\/?page_id=2110\"},{\"@type\":\"ListItem\",\"position\":3,\"name\":\"Victoria E- Retro 5.8 Bosch Ebike\\\/Pedelec\"}]},{\"@type\":\"WebSite\",\"@id\":\"https:\\\/\\\/budapestkerekpar.hu\\\/#website\",\"url\":\"https:\\\/\\\/budapestkerekpar.hu\\\/\",\"name\":\"Budapest Ker\u00e9kp\u00e1r\",\"description\":\"Legyen neked is men\u0151 bring\u00e1d!\",\"potentialAction\":[{\"@type\":\"SearchAction\",\"target\":{\"@type\":\"EntryPoint\",\"urlTemplate\":\"https:\\\/\\\/budapestkerekpar.hu\\\/?s={search_term_string}\"},\"query-input\":{\"@type\":\"PropertyValueSpecification\",\"valueRequired\":true,\"valueName\":\"search_term_string\"}}],\"inLanguage\":\"hu\"}]}<\/script>\n<!-- \/ Yoast SEO plugin. -->","yoast_head_json":{"title":"Victoria E- Retro 5.8 Bosch Ebike\/Pedelec - Budapest Ker\u00e9kp\u00e1r","description":"\u00a0\u2028\u2028Mind\u00f6sszesen 650km-t futott, 7 alkalommal t\u00f6lt\u00f6tt st\u00edlusos, \u00e9s az \u00f6sszes k\u00e9nyelmi extr\u00e1val felszerelt megb\u00edzhat\u00f3 Bosch motoros n\u0151i e-bike. Kritikus szemmel n\u00e9zve is \u00faj, k\u00f6lts\u00e9gmentes \u00e1llapotban.","robots":{"index":"index","follow":"follow","max-snippet":"max-snippet:-1","max-image-preview":"max-image-preview:large","max-video-preview":"max-video-preview:-1"},"canonical":"https:\/\/budapestkerekpar.hu\/?product=victoria-e-retro-5-8-bosch-ebike-pedelec","og_locale":"hu_HU","og_type":"article","og_title":"Victoria E- Retro 5.8 Bosch Ebike\/Pedelec - Budapest Ker\u00e9kp\u00e1r","og_description":"\u00a0\u2028\u2028Mind\u00f6sszesen 650km-t futott, 7 alkalommal t\u00f6lt\u00f6tt st\u00edlusos, \u00e9s az \u00f6sszes k\u00e9nyelmi extr\u00e1val felszerelt megb\u00edzhat\u00f3 Bosch motoros n\u0151i e-bike. Kritikus szemmel n\u00e9zve is \u00faj, k\u00f6lts\u00e9gmentes \u00e1llapotban.","og_url":"https:\/\/budapestkerekpar.hu\/?product=victoria-e-retro-5-8-bosch-ebike-pedelec","og_site_name":"Budapest Ker\u00e9kp\u00e1r","og_image":[{"width":1920,"height":1440,"url":"http:\/\/budapestkerekpar.hu\/wp-content\/uploads\/2026\/02\/budapestkerekpar_victoriaeretro5.8_001.jpg","type":"image\/jpeg"}],"twitter_card":"summary_large_image","twitter_misc":{"Becs\u00fclt olvas\u00e1si id\u0151":"1 perc"},"schema":{"@context":"https:\/\/schema.org","@graph":[{"@type":"WebPage","@id":"https:\/\/budapestkerekpar.hu\/?product=victoria-e-retro-5-8-bosch-ebike-pedelec","url":"https:\/\/budapestkerekpar.hu\/?product=victoria-e-retro-5-8-bosch-ebike-pedelec","name":"Victoria E- Retro 5.8 Bosch Ebike\/Pedelec - Budapest Ker\u00e9kp\u00e1r","isPartOf":{"@id":"https:\/\/budapestkerekpar.hu\/#website"},"primaryImageOfPage":{"@id":"https:\/\/budapestkerekpar.hu\/?product=victoria-e-retro-5-8-bosch-ebike-pedelec#primaryimage"},"image":{"@id":"https:\/\/budapestkerekpar.hu\/?product=victoria-e-retro-5-8-bosch-ebike-pedelec#primaryimage"},"thumbnailUrl":"https:\/\/budapestkerekpar.hu\/wp-content\/uploads\/2026\/02\/budapestkerekpar_victoriaeretro5.8_001.jpg","datePublished":"2026-02-09T21:38:53+00:00","description":"\u00a0\u2028\u2028Mind\u00f6sszesen 650km-t futott, 7 alkalommal t\u00f6lt\u00f6tt st\u00edlusos, \u00e9s az \u00f6sszes k\u00e9nyelmi extr\u00e1val felszerelt megb\u00edzhat\u00f3 Bosch motoros n\u0151i e-bike. Kritikus szemmel n\u00e9zve is \u00faj, k\u00f6lts\u00e9gmentes \u00e1llapotban.","breadcrumb":{"@id":"https:\/\/budapestkerekpar.hu\/?product=victoria-e-retro-5-8-bosch-ebike-pedelec#breadcrumb"},"inLanguage":"hu","potentialAction":[{"@type":"ReadAction","target":["https:\/\/budapestkerekpar.hu\/?product=victoria-e-retro-5-8-bosch-ebike-pedelec"]}]},{"@type":"ImageObject","inLanguage":"hu","@id":"https:\/\/budapestkerekpar.hu\/?product=victoria-e-retro-5-8-bosch-ebike-pedelec#primaryimage","url":"https:\/\/budapestkerekpar.hu\/wp-content\/uploads\/2026\/02\/budapestkerekpar_victoriaeretro5.8_001.jpg","contentUrl":"https:\/\/budapestkerekpar.hu\/wp-content\/uploads\/2026\/02\/budapestkerekpar_victoriaeretro5.8_001.jpg","width":1920,"height":1440},{"@type":"BreadcrumbList","@id":"https:\/\/budapestkerekpar.hu\/?product=victoria-e-retro-5-8-bosch-ebike-pedelec#breadcrumb","itemListElement":[{"@type":"ListItem","position":1,"name":"Kezd\u0151lap","item":"https:\/\/budapestkerekpar.hu\/"},{"@type":"ListItem","position":2,"name":"Shop Classic &#8211; Sidebar","item":"https:\/\/budapestkerekpar.hu\/?page_id=2110"},{"@type":"ListItem","position":3,"name":"Victoria E- Retro 5.8 Bosch Ebike\/Pedelec"}]},{"@type":"WebSite","@id":"https:\/\/budapestkerekpar.hu\/#website","url":"https:\/\/budapestkerekpar.hu\/","name":"Budapest Ker\u00e9kp\u00e1r","description":"Legyen neked is men\u0151 bring\u00e1d!","potentialAction":[{"@type":"SearchAction","target":{"@type":"EntryPoint","urlTemplate":"https:\/\/budapestkerekpar.hu\/?s={search_term_string}"},"query-input":{"@type":"PropertyValueSpecification","valueRequired":true,"valueName":"search_term_string"}}],"inLanguage":"hu"}]}},"_links":{"self":[{"href":"https:\/\/budapestkerekpar.hu\/index.php?rest_route=\/wp\/v2\/product\/6679","targetHints":{"allow":["GET"]}}],"collection":[{"href":"https:\/\/budapestkerekpar.hu\/index.php?rest_route=\/wp\/v2\/product"}],"about":[{"href":"https:\/\/budapestkerekpar.hu\/index.php?rest_route=\/wp\/v2\/types\/product"}],"replies":[{"embeddable":true,"href":"https:\/\/budapestkerekpar.hu\/index.php?rest_route=%2Fwp%2Fv2%2Fcomments&post=6679"}],"wp:featuredmedia":[{"embeddable":true,"href":"https:\/\/budapestkerekpar.hu\/index.php?rest_route=\/wp\/v2\/media\/6658"}],"wp:attachment":[{"href":"https:\/\/budapestkerekpar.hu\/index.php?rest_route=%2Fwp%2Fv2%2Fmedia&parent=6679"}],"wp:term":[{"taxonomy":"product_brand","embeddable":true,"href":"https:\/\/budapestkerekpar.hu\/index.php?rest_route=%2Fwp%2Fv2%2Fproduct_brand&post=6679"},{"taxonomy":"product_cat","embeddable":true,"href":"https:\/\/budapestkerekpar.hu\/index.php?rest_route=%2Fwp%2Fv2%2Fproduct_cat&post=6679"},{"taxonomy":"product_tag","embeddable":true,"href":"https:\/\/budapestkerekpar.hu\/index.php?rest_route=%2Fwp%2Fv2%2Fproduct_tag&post=6679"}],"curies":[{"name":"wp","href":"https:\/\/api.w.org\/{rel}","templated":true}]}}