{"id":6871,"date":"2026-03-27T13:46:34","date_gmt":"2026-03-27T13:46:34","guid":{"rendered":"https:\/\/budapestkerekpar.hu\/?post_type=product&#038;p=6871"},"modified":"2026-04-15T20:39:03","modified_gmt":"2026-04-15T20:39:03","slug":"ktm-machina-race-274-xs-bosch-cx-trekking-e-bike","status":"publish","type":"product","link":"https:\/\/budapestkerekpar.hu\/?product=ktm-machina-race-274-xs-bosch-cx-trekking-e-bike","title":{"rendered":"KTM Machina Race 274 XS Bosch CX trekking e bike"},"content":{"rendered":"<p>T\u00f6k\u00e9letes aj\u00e1nd\u00e9k, n\u0151i\/gyerek ebike bivaly er\u0151s Bosch Performance Line CX motoros, 500Wh akku, t\u00f6bb mint el\u00e9gs\u00e9ges hat\u00f3t\u00e1v, korm\u00e1nyr\u00f3l vez\u00e9relhet\u0151 fokozatmentesen \u00e1ll\u00edthat\u00f3 nyeregcs\u0151 (dropper), lockolhat\u00f3 tel\u00f3\u2026 \u2028R\u00e1ad\u00e1sul m\u00e9g sz\u00e9p is.\u2028Mindent megad, ami a t\u00f6k\u00e9letes bring\u00e1s \u00e9lm\u00e9nyhez csak kell!\u2028\u2028A bringa keveset futott \u00e9s \u00faj gumikkal v\u00e1rja gazd\u00e1j\u00e1t.<\/p>\n<p>V\u00e1zm\u00e9ret: XS 38 cm<br \/>\nTeleszk\u00f3p: Suntour XCR 32 Coil LO \/ 15x100mm \/ 100mm Travel \/ Tapered Steerer<br \/>\nF\u00e9k: Shimano hidraulikus t\u00e1rcsaf\u00e9k<br \/>\nF\u00e9kkar: Shimano<br \/>\nV\u00e1lt\u00f3: Shimano Deore<br \/>\nV\u00e1lt\u00f3kar: Shimano Deore<br \/>\nHajt\u00e1s: Shimano 1&#215;10<br \/>\nKer\u00e9kagy: Shimano Deore<br \/>\nKer\u00e9km\u00e9ret: 27,5\u201d<br \/>\nFelni: KTM Sport Disc duplafal\u00fa szegecselt<br \/>\nGumi: Schwalbe Smart Sam<br \/>\nKorm\u00e1ny: KTM Comp<br \/>\nKorm\u00e1nysz\u00e1r \/ Stucni: KTM Comp<br \/>\nNyeregcs\u0151: KTM Dropperes<br \/>\nNyereg: KTM<br \/>\nMotor: Bosch Performance Line CX<br \/>\nAkkumul\u00e1tor: Bosch 500 Wh<\/p>\n<p>\ud83d\udd25 Friss szerviz, legfrissebb Bosch szoftverrel, \u00e9s hivatalos Bosch szerviz diagnosztik\u00e1val \u2013 k\u00f6lts\u00e9gmentes \u00e1llapot!<br \/>\n\ud83d\udd25 Sz\u00e1ml\u00e1val \u00e9s garanci\u00e1val, Bosch m\u00e1rkaszerv\u00edzb\u0151l!<\/p>\n<p>\ud83d\ude9a Orsz\u00e1gos sz\u00e1ll\u00edt\u00e1s szem\u00e9lyes \u00e1tad\u00e1ssal, a bringa szem\u00e9lyre szabott be\u00e1ll\u00edt\u00e1s\u00e1val megoldhat\u00f3!<\/p>\n<p>\ud83c\udfd9 El\u00e9rhet\u0151 v\u00e1rosok: Budapest, Debrecen, Eger, Szeged, Baja, P\u00e9cs, Sz\u00e9kesfeh\u00e9rv\u00e1r, Gy\u0151r \u00e9s m\u00e9g sok m\u00e1s helysz\u00edn!<\/p>\n<p>\ud83d\udce9 Ne fil\u00f3zz, ne v\u00e1rj \u2013 vidd el, miel\u0151tt m\u00e1s lecsap r\u00e1! \ud83d\ude80<\/p>\n<p>\ud83d\udd25 \u00c1r: 578. 000 Ft<\/p>\n<p>\ud83d\udce9 budapestkerekparinfo@gmail.com<\/p>\n<p>\ud83d\udcf1 +36702070883<\/p>\n","protected":false},"excerpt":{"rendered":"<p>T\u00f6k\u00e9letes aj\u00e1nd\u00e9k, n\u0151i\/gyerek ebike bivaly er\u0151s Bosch Performance Line CX  [&#8230;]<\/p>\n","protected":false},"featured_media":6849,"comment_status":"open","ping_status":"closed","template":"","meta":{"_bbp_topic_count":0,"_bbp_reply_count":0,"_bbp_total_topic_count":0,"_bbp_total_reply_count":0,"_bbp_voice_count":0,"_bbp_anonymous_reply_count":0,"_bbp_topic_count_hidden":0,"_bbp_reply_count_hidden":0,"_bbp_forum_subforum_count":0,"content-type":""},"product_brand":[],"product_cat":[157,134,199,87,168],"product_tag":[],"class_list":{"0":"post-6871","1":"product","2":"type-product","3":"status-publish","4":"has-post-thumbnail","6":"product_cat-27-5","7":"product_cat-e-bike","8":"product_cat-gyerek","9":"product_cat-noi","10":"product_cat-xs","12":"first","13":"instock","14":"shipping-taxable","15":"purchasable","16":"product-type-simple"},"acf":[],"yoast_head":"<!-- This site is optimized with the Yoast SEO plugin v27.4 - https:\/\/yoast.com\/product\/yoast-seo-wordpress\/ -->\n<title>KTM Machina Race 274 XS Bosch CX trekking e bike - Budapest Ker\u00e9kp\u00e1r<\/title>\n<meta name=\"description\" content=\"T\u00f6k\u00e9letes aj\u00e1nd\u00e9k, n\u0151i\/gyerek ebike bivaly er\u0151s Bosch Performance Line CX motoros, 500Wh akku, t\u00f6bb mint el\u00e9gs\u00e9ges hat\u00f3t\u00e1v, korm\u00e1nyr\u00f3l vez\u00e9relhet\u0151 fokozatmentesen \u00e1ll\u00edthat\u00f3 nyeregcs\u0151 (dropper), lockolhat\u00f3 tel\u00f3\u2026 \u2028R\u00e1ad\u00e1sul m\u00e9g sz\u00e9p is.\u2028Mindent megad, ami a t\u00f6k\u00e9letes bring\u00e1s \u00e9lm\u00e9nyhez csak kell!\u2028\u2028A bringa keveset futott \u00e9s \u00faj gumikkal v\u00e1rja gazd\u00e1j\u00e1t.\u2028\" \/>\n<meta name=\"robots\" content=\"index, follow, max-snippet:-1, max-image-preview:large, max-video-preview:-1\" \/>\n<link rel=\"canonical\" href=\"https:\/\/budapestkerekpar.hu\/?product=ktm-machina-race-274-xs-bosch-cx-trekking-e-bike\" \/>\n<meta property=\"og:locale\" content=\"hu_HU\" \/>\n<meta property=\"og:type\" content=\"article\" \/>\n<meta property=\"og:title\" content=\"KTM Machina Race 274 XS Bosch CX trekking e bike - Budapest Ker\u00e9kp\u00e1r\" \/>\n<meta property=\"og:description\" content=\"T\u00f6k\u00e9letes aj\u00e1nd\u00e9k, n\u0151i\/gyerek ebike bivaly er\u0151s Bosch Performance Line CX motoros, 500Wh akku, t\u00f6bb mint el\u00e9gs\u00e9ges hat\u00f3t\u00e1v, korm\u00e1nyr\u00f3l vez\u00e9relhet\u0151 fokozatmentesen \u00e1ll\u00edthat\u00f3 nyeregcs\u0151 (dropper), lockolhat\u00f3 tel\u00f3\u2026 \u2028R\u00e1ad\u00e1sul m\u00e9g sz\u00e9p is.\u2028Mindent megad, ami a t\u00f6k\u00e9letes bring\u00e1s \u00e9lm\u00e9nyhez csak kell!\u2028\u2028A bringa keveset futott \u00e9s \u00faj gumikkal v\u00e1rja gazd\u00e1j\u00e1t.\u2028\" \/>\n<meta property=\"og:url\" content=\"https:\/\/budapestkerekpar.hu\/?product=ktm-machina-race-274-xs-bosch-cx-trekking-e-bike\" \/>\n<meta property=\"og:site_name\" content=\"Budapest Ker\u00e9kp\u00e1r\" \/>\n<meta property=\"article:modified_time\" content=\"2026-04-15T20:39:03+00:00\" \/>\n<meta property=\"og:image\" content=\"http:\/\/budapestkerekpar.hu\/wp-content\/uploads\/2026\/03\/budapestkerekpar_ktmmacina724_001.jpg\" \/>\n\t<meta property=\"og:image:width\" content=\"1920\" \/>\n\t<meta property=\"og:image:height\" content=\"1440\" \/>\n\t<meta property=\"og:image:type\" content=\"image\/jpeg\" \/>\n<meta name=\"twitter:card\" content=\"summary_large_image\" \/>\n<meta name=\"twitter:label1\" content=\"Becs\u00fclt olvas\u00e1si id\u0151\" \/>\n\t<meta name=\"twitter:data1\" content=\"2 perc\" \/>\n<script type=\"application\/ld+json\" class=\"yoast-schema-graph\">{\"@context\":\"https:\\\/\\\/schema.org\",\"@graph\":[{\"@type\":\"WebPage\",\"@id\":\"https:\\\/\\\/budapestkerekpar.hu\\\/?product=ktm-machina-race-274-xs-bosch-cx-trekking-e-bike\",\"url\":\"https:\\\/\\\/budapestkerekpar.hu\\\/?product=ktm-machina-race-274-xs-bosch-cx-trekking-e-bike\",\"name\":\"KTM Machina Race 274 XS Bosch CX trekking e bike - Budapest Ker\u00e9kp\u00e1r\",\"isPartOf\":{\"@id\":\"https:\\\/\\\/budapestkerekpar.hu\\\/#website\"},\"primaryImageOfPage\":{\"@id\":\"https:\\\/\\\/budapestkerekpar.hu\\\/?product=ktm-machina-race-274-xs-bosch-cx-trekking-e-bike#primaryimage\"},\"image\":{\"@id\":\"https:\\\/\\\/budapestkerekpar.hu\\\/?product=ktm-machina-race-274-xs-bosch-cx-trekking-e-bike#primaryimage\"},\"thumbnailUrl\":\"https:\\\/\\\/budapestkerekpar.hu\\\/wp-content\\\/uploads\\\/2026\\\/03\\\/budapestkerekpar_ktmmacina724_001.jpg\",\"datePublished\":\"2026-03-27T13:46:34+00:00\",\"dateModified\":\"2026-04-15T20:39:03+00:00\",\"description\":\"T\u00f6k\u00e9letes aj\u00e1nd\u00e9k, n\u0151i\\\/gyerek ebike bivaly er\u0151s Bosch Performance Line CX motoros, 500Wh akku, t\u00f6bb mint el\u00e9gs\u00e9ges hat\u00f3t\u00e1v, korm\u00e1nyr\u00f3l vez\u00e9relhet\u0151 fokozatmentesen \u00e1ll\u00edthat\u00f3 nyeregcs\u0151 (dropper), lockolhat\u00f3 tel\u00f3\u2026 \\u2028R\u00e1ad\u00e1sul m\u00e9g sz\u00e9p is.\\u2028Mindent megad, ami a t\u00f6k\u00e9letes bring\u00e1s \u00e9lm\u00e9nyhez csak kell!\\u2028\\u2028A bringa keveset futott \u00e9s \u00faj gumikkal v\u00e1rja gazd\u00e1j\u00e1t.\\u2028\",\"breadcrumb\":{\"@id\":\"https:\\\/\\\/budapestkerekpar.hu\\\/?product=ktm-machina-race-274-xs-bosch-cx-trekking-e-bike#breadcrumb\"},\"inLanguage\":\"hu\",\"potentialAction\":[{\"@type\":\"ReadAction\",\"target\":[\"https:\\\/\\\/budapestkerekpar.hu\\\/?product=ktm-machina-race-274-xs-bosch-cx-trekking-e-bike\"]}]},{\"@type\":\"ImageObject\",\"inLanguage\":\"hu\",\"@id\":\"https:\\\/\\\/budapestkerekpar.hu\\\/?product=ktm-machina-race-274-xs-bosch-cx-trekking-e-bike#primaryimage\",\"url\":\"https:\\\/\\\/budapestkerekpar.hu\\\/wp-content\\\/uploads\\\/2026\\\/03\\\/budapestkerekpar_ktmmacina724_001.jpg\",\"contentUrl\":\"https:\\\/\\\/budapestkerekpar.hu\\\/wp-content\\\/uploads\\\/2026\\\/03\\\/budapestkerekpar_ktmmacina724_001.jpg\",\"width\":1920,\"height\":1440},{\"@type\":\"BreadcrumbList\",\"@id\":\"https:\\\/\\\/budapestkerekpar.hu\\\/?product=ktm-machina-race-274-xs-bosch-cx-trekking-e-bike#breadcrumb\",\"itemListElement\":[{\"@type\":\"ListItem\",\"position\":1,\"name\":\"Kezd\u0151lap\",\"item\":\"https:\\\/\\\/budapestkerekpar.hu\\\/\"},{\"@type\":\"ListItem\",\"position\":2,\"name\":\"Shop Classic &#8211; Sidebar\",\"item\":\"https:\\\/\\\/budapestkerekpar.hu\\\/?page_id=2110\"},{\"@type\":\"ListItem\",\"position\":3,\"name\":\"KTM Machina Race 274 XS Bosch CX trekking e bike\"}]},{\"@type\":\"WebSite\",\"@id\":\"https:\\\/\\\/budapestkerekpar.hu\\\/#website\",\"url\":\"https:\\\/\\\/budapestkerekpar.hu\\\/\",\"name\":\"Budapest Ker\u00e9kp\u00e1r\",\"description\":\"Legyen neked is men\u0151 bring\u00e1d!\",\"potentialAction\":[{\"@type\":\"SearchAction\",\"target\":{\"@type\":\"EntryPoint\",\"urlTemplate\":\"https:\\\/\\\/budapestkerekpar.hu\\\/?s={search_term_string}\"},\"query-input\":{\"@type\":\"PropertyValueSpecification\",\"valueRequired\":true,\"valueName\":\"search_term_string\"}}],\"inLanguage\":\"hu\"}]}<\/script>\n<!-- \/ Yoast SEO plugin. -->","yoast_head_json":{"title":"KTM Machina Race 274 XS Bosch CX trekking e bike - Budapest Ker\u00e9kp\u00e1r","description":"T\u00f6k\u00e9letes aj\u00e1nd\u00e9k, n\u0151i\/gyerek ebike bivaly er\u0151s Bosch Performance Line CX motoros, 500Wh akku, t\u00f6bb mint el\u00e9gs\u00e9ges hat\u00f3t\u00e1v, korm\u00e1nyr\u00f3l vez\u00e9relhet\u0151 fokozatmentesen \u00e1ll\u00edthat\u00f3 nyeregcs\u0151 (dropper), lockolhat\u00f3 tel\u00f3\u2026 \u2028R\u00e1ad\u00e1sul m\u00e9g sz\u00e9p is.\u2028Mindent megad, ami a t\u00f6k\u00e9letes bring\u00e1s \u00e9lm\u00e9nyhez csak kell!\u2028\u2028A bringa keveset futott \u00e9s \u00faj gumikkal v\u00e1rja gazd\u00e1j\u00e1t.\u2028","robots":{"index":"index","follow":"follow","max-snippet":"max-snippet:-1","max-image-preview":"max-image-preview:large","max-video-preview":"max-video-preview:-1"},"canonical":"https:\/\/budapestkerekpar.hu\/?product=ktm-machina-race-274-xs-bosch-cx-trekking-e-bike","og_locale":"hu_HU","og_type":"article","og_title":"KTM Machina Race 274 XS Bosch CX trekking e bike - Budapest Ker\u00e9kp\u00e1r","og_description":"T\u00f6k\u00e9letes aj\u00e1nd\u00e9k, n\u0151i\/gyerek ebike bivaly er\u0151s Bosch Performance Line CX motoros, 500Wh akku, t\u00f6bb mint el\u00e9gs\u00e9ges hat\u00f3t\u00e1v, korm\u00e1nyr\u00f3l vez\u00e9relhet\u0151 fokozatmentesen \u00e1ll\u00edthat\u00f3 nyeregcs\u0151 (dropper), lockolhat\u00f3 tel\u00f3\u2026 \u2028R\u00e1ad\u00e1sul m\u00e9g sz\u00e9p is.\u2028Mindent megad, ami a t\u00f6k\u00e9letes bring\u00e1s \u00e9lm\u00e9nyhez csak kell!\u2028\u2028A bringa keveset futott \u00e9s \u00faj gumikkal v\u00e1rja gazd\u00e1j\u00e1t.\u2028","og_url":"https:\/\/budapestkerekpar.hu\/?product=ktm-machina-race-274-xs-bosch-cx-trekking-e-bike","og_site_name":"Budapest Ker\u00e9kp\u00e1r","article_modified_time":"2026-04-15T20:39:03+00:00","og_image":[{"width":1920,"height":1440,"url":"http:\/\/budapestkerekpar.hu\/wp-content\/uploads\/2026\/03\/budapestkerekpar_ktmmacina724_001.jpg","type":"image\/jpeg"}],"twitter_card":"summary_large_image","twitter_misc":{"Becs\u00fclt olvas\u00e1si id\u0151":"2 perc"},"schema":{"@context":"https:\/\/schema.org","@graph":[{"@type":"WebPage","@id":"https:\/\/budapestkerekpar.hu\/?product=ktm-machina-race-274-xs-bosch-cx-trekking-e-bike","url":"https:\/\/budapestkerekpar.hu\/?product=ktm-machina-race-274-xs-bosch-cx-trekking-e-bike","name":"KTM Machina Race 274 XS Bosch CX trekking e bike - Budapest Ker\u00e9kp\u00e1r","isPartOf":{"@id":"https:\/\/budapestkerekpar.hu\/#website"},"primaryImageOfPage":{"@id":"https:\/\/budapestkerekpar.hu\/?product=ktm-machina-race-274-xs-bosch-cx-trekking-e-bike#primaryimage"},"image":{"@id":"https:\/\/budapestkerekpar.hu\/?product=ktm-machina-race-274-xs-bosch-cx-trekking-e-bike#primaryimage"},"thumbnailUrl":"https:\/\/budapestkerekpar.hu\/wp-content\/uploads\/2026\/03\/budapestkerekpar_ktmmacina724_001.jpg","datePublished":"2026-03-27T13:46:34+00:00","dateModified":"2026-04-15T20:39:03+00:00","description":"T\u00f6k\u00e9letes aj\u00e1nd\u00e9k, n\u0151i\/gyerek ebike bivaly er\u0151s Bosch Performance Line CX motoros, 500Wh akku, t\u00f6bb mint el\u00e9gs\u00e9ges hat\u00f3t\u00e1v, korm\u00e1nyr\u00f3l vez\u00e9relhet\u0151 fokozatmentesen \u00e1ll\u00edthat\u00f3 nyeregcs\u0151 (dropper), lockolhat\u00f3 tel\u00f3\u2026 \u2028R\u00e1ad\u00e1sul m\u00e9g sz\u00e9p is.\u2028Mindent megad, ami a t\u00f6k\u00e9letes bring\u00e1s \u00e9lm\u00e9nyhez csak kell!\u2028\u2028A bringa keveset futott \u00e9s \u00faj gumikkal v\u00e1rja gazd\u00e1j\u00e1t.\u2028","breadcrumb":{"@id":"https:\/\/budapestkerekpar.hu\/?product=ktm-machina-race-274-xs-bosch-cx-trekking-e-bike#breadcrumb"},"inLanguage":"hu","potentialAction":[{"@type":"ReadAction","target":["https:\/\/budapestkerekpar.hu\/?product=ktm-machina-race-274-xs-bosch-cx-trekking-e-bike"]}]},{"@type":"ImageObject","inLanguage":"hu","@id":"https:\/\/budapestkerekpar.hu\/?product=ktm-machina-race-274-xs-bosch-cx-trekking-e-bike#primaryimage","url":"https:\/\/budapestkerekpar.hu\/wp-content\/uploads\/2026\/03\/budapestkerekpar_ktmmacina724_001.jpg","contentUrl":"https:\/\/budapestkerekpar.hu\/wp-content\/uploads\/2026\/03\/budapestkerekpar_ktmmacina724_001.jpg","width":1920,"height":1440},{"@type":"BreadcrumbList","@id":"https:\/\/budapestkerekpar.hu\/?product=ktm-machina-race-274-xs-bosch-cx-trekking-e-bike#breadcrumb","itemListElement":[{"@type":"ListItem","position":1,"name":"Kezd\u0151lap","item":"https:\/\/budapestkerekpar.hu\/"},{"@type":"ListItem","position":2,"name":"Shop Classic &#8211; Sidebar","item":"https:\/\/budapestkerekpar.hu\/?page_id=2110"},{"@type":"ListItem","position":3,"name":"KTM Machina Race 274 XS Bosch CX trekking e bike"}]},{"@type":"WebSite","@id":"https:\/\/budapestkerekpar.hu\/#website","url":"https:\/\/budapestkerekpar.hu\/","name":"Budapest Ker\u00e9kp\u00e1r","description":"Legyen neked is men\u0151 bring\u00e1d!","potentialAction":[{"@type":"SearchAction","target":{"@type":"EntryPoint","urlTemplate":"https:\/\/budapestkerekpar.hu\/?s={search_term_string}"},"query-input":{"@type":"PropertyValueSpecification","valueRequired":true,"valueName":"search_term_string"}}],"inLanguage":"hu"}]}},"_links":{"self":[{"href":"https:\/\/budapestkerekpar.hu\/index.php?rest_route=\/wp\/v2\/product\/6871","targetHints":{"allow":["GET"]}}],"collection":[{"href":"https:\/\/budapestkerekpar.hu\/index.php?rest_route=\/wp\/v2\/product"}],"about":[{"href":"https:\/\/budapestkerekpar.hu\/index.php?rest_route=\/wp\/v2\/types\/product"}],"replies":[{"embeddable":true,"href":"https:\/\/budapestkerekpar.hu\/index.php?rest_route=%2Fwp%2Fv2%2Fcomments&post=6871"}],"wp:featuredmedia":[{"embeddable":true,"href":"https:\/\/budapestkerekpar.hu\/index.php?rest_route=\/wp\/v2\/media\/6849"}],"wp:attachment":[{"href":"https:\/\/budapestkerekpar.hu\/index.php?rest_route=%2Fwp%2Fv2%2Fmedia&parent=6871"}],"wp:term":[{"taxonomy":"product_brand","embeddable":true,"href":"https:\/\/budapestkerekpar.hu\/index.php?rest_route=%2Fwp%2Fv2%2Fproduct_brand&post=6871"},{"taxonomy":"product_cat","embeddable":true,"href":"https:\/\/budapestkerekpar.hu\/index.php?rest_route=%2Fwp%2Fv2%2Fproduct_cat&post=6871"},{"taxonomy":"product_tag","embeddable":true,"href":"https:\/\/budapestkerekpar.hu\/index.php?rest_route=%2Fwp%2Fv2%2Fproduct_tag&post=6871"}],"curies":[{"name":"wp","href":"https:\/\/api.w.org\/{rel}","templated":true}]}}